ide 2931225?
False
Is 418214 a multiple of 64?
False
Is 681 a factor of 29837?
False
Is 70463 a multiple of 422?
False
Does 387 divide 25616?
False
Does 10 divide 16193?
False
Does 360 divide 587520?
True
Is 14 a factor of 380618?
True
Is 43 a factor of 7358989?
False
Is 409 a factor of 634609?
False
Is 5638352 a multiple of 109?
True
Is 906855 a multiple of 5?
True
Is 330 a factor of 2402514?
False
Is 64303 a multiple of 71?
False
Does 44 divide 79200?
True
Does 49 divide 425859?
True
Does 5 divide 987038?
False
Is 367439 a multiple of 109?
True
Does 253 divide 433834?
False
Is 69 a factor of 468128?
False
Does 185 divide 413294?
False
Does 22 divide 25754?
False
Does 15 divide 701456?
False
Is 3892829 a multiple of 15?
False
Is 13 a factor of 252624?
False
Is 63 a factor of 2763402?
False
Does 13 divide 92223?
False
Is 1199619 a multiple of 3?
True
Does 16 divide 1343151?
False
Does 600 divide 246600?
True
Is 3067424 a multiple of 32?
True
Is 12 a factor of 21024?
True
Is 5534909 a multiple of 19?
True
Does 305 divide 1140090?
True
Is 10758 a multiple of 22?
True
Is 43 a factor of 568451?
False
Is 26931 a multiple of 10?
False
Is 454 a factor of 1058752?
False
Is 4691 a multiple of 548?
False
Is 15 a factor of 1410315?
True
Is 365506 a multiple of 254?
True
Does 259 divide 5148242?
False
Is 943017 a multiple of 7?
False
Is 24 a factor of 591495?
False
Is 250 a factor of 4384250?
True
Does 6 divide 58470?
True
Is 64048 a multiple of 19?
False
Does 155 divide 1198741?
False
Is 77749 a multiple of 26?
False
Is 593 a factor of 127495?
True
Is 1232604 a multiple of 339?
True
Does 38 divide 2964?
True
Is 303 a factor of 2172569?
False
Is 9 a factor of 203577?
False
Is 172 a factor of 183972?
False
Does 15 divide 3216555?
True
Is 135081 a multiple of 77?
False
Is 159 a factor of 1856802?
True
Is 134736 a multiple of 168?
True
Is 201 a factor of 8475165?
True
Does 3 divide 26655?
True
Is 28 a factor of 40045?
False
Is 115564 a multiple of 173?
True
Is 197965 a multiple of 17?
True
Does 139 divide 1079833?
False
Does 477 divide 32436?
True
Is 23 a factor of 55591?
True
Does 340 divide 1989325?
False
Does 24 divide 179011?
False
Is 187210 a multiple of 194?
True
Does 86 divide 404586?
False
Is 28 a factor of 24360?
True
Does 11 divide 189291?
False
Is 23 a factor of 285615?
False
Is 351450 a multiple of 15?
True
Is 31302 a multiple of 3?
True
Does 3 divide 6183?
True
Does 5 divide 4206810?
True
Is 44518 a multiple of 11?
False
Is 63 a factor of 343224?
True
Is 12 a factor of 282072?
True
Is 13 a factor of 8829509?
True
Does 94 divide 202570?
True
Does 86 divide 1721374?
False
Is 25 a factor of 530602?
False
Does 36 divide 8887380?
False
Does 233 divide 30693748?
False
Is 50055 a multiple of 47?
True
Does 428 divide 538341?
False
Is 61 a factor of 4178758?
False
Is 29508 a multiple of 12?
True
Is 13 a factor of 308141?
False
Does 291 divide 93702?
True
Is 605920 a multiple of 140?
True
Does 16 divide 105664?
True
Does 35 divide 14461475?
True
Is 5 a factor of 24757?
False
Is 129661 a multiple of 214?
False
Is 13401 a multiple of 3?
True
Is 470097 a multiple of 9?
True
Is 293040 a multiple of 360?
True
Is 86351 a multiple of 153?
False
Is 30 a factor of 1696503?
False
Is 5 a factor of 30384?
False
Is 147 a factor of 21567643?
False
Is 227 a factor of 24522?
False
Is 208306 a multiple of 7?
True
Is 38573 a multiple of 158?
False
Is 696324 a multiple of 135?
False
Is 109595 a multiple of 203?
False
Is 260725 a multiple of 25?
True
Is 217 a factor of 17399494?
True
Is 4 a factor of 1819118?
False
Does 6 divide 836740?
False
Does 31 divide 1730358?
True
Does 74 divide 2850110?
True
Is 5 a factor of 32213?
False
Is 244 a factor of 2157689?
False
Is 2257579 a multiple of 753?
False
Is 11 a factor of 10477951?
True
Does 213 divide 177642?
True
Is 372 a factor of 398169?
False
Is 517477 a multiple of 149?
True
Is 170 a factor of 2432712?
False
Is 407 a factor of 3607297?
False
Is 365 a factor of 1565282?
False
Is 217 a factor of 203546?
True
Is 766906 a multiple of 73?
False
Is 55 a factor of 328665?
False
Is 21 a factor of 395556?
True
Is 333869 a multiple of 3?
False
Is 25 a factor of 1340225?
True
Is 118373 a multiple of 345?
False
Is 899371 a multiple of 355?
False
Is 316948 a multiple of 214?
False
Does 217 divide 2097910?
False
Is 206105 a multiple of 89?
False
Does 5 divide 130914?
False
Is 24 a factor of 19576446?
False
Does 228 divide 582681?
False
Is 7 a factor of 106288?
True
Does 3 divide 4730428?
False
Is 2276 a multiple of 14?
False
Is 7427156 a multiple of 649?
True
Does 159 divide 43566?
True
Is 29 a factor of 288405?
True
Does 228 divide 36885?
False
Is 60 a factor of 598140?
True
Does 71 divide 246228?
True
Is 68970 a multiple of 330?
True
Is 485276 a multiple of 41?
True
Is 28855 a multiple of 5?
True
Is 618923 a multiple of 67?
False
Is 917650 a multiple of 50?
True
Does 10 divide 655623?
False
Does 113 divide 1284695?
False
Is 1172 a factor of 238516?
False
Is 434241 a multiple of 81?
True
Does 394 divide 1812047?
False
Does 72 divide 42480?
True
Is 82390 a multiple of 22?
True
Is 201984 a multiple of 192?
True
Does 33 divide 67318?
False
Does 20 divide 499240?
True
Is 333 a factor of 4396932?
True
Is 2 a factor of 3459?
False
Does 24 divide 297216?
True
Is 3 a factor of 74592?
True
Is 47509 a multiple of 7?
True
Is 251 a factor of 622658?
False
Does 8 divide 1276926?
False
Is 6 a factor of 296760?
True
Is 32329 a multiple of 4?
False
Is 35488 a multiple of 32?
True
Is 5093688 a multiple of 813?
False
Is 1282 a factor of 1978843?
False
Does 141 divide 35250?
True
Is 358190 a multiple of 98?
True
Is 508183 a multiple of 13?
True
Does 13 divide 1603139?
False
Is 171 a factor of 1213126?
False
Does 22 divide 182318?
False
Does 114 divide 11034516?
True
Is 162240 a multiple of 156?
True
Is 2 a factor of 2955?
False
Is 1449 a factor of 3776882?
False
Is 361746 a multiple of 462?
True
Is 68200 a multiple of 275?
True
Is 6249152 a multiple of 36?
False
Is 11475276 a multiple of 89?
False
Is 825 a factor of 6024015?
False
Does 288 divide 2821536?
True
Does 87 divide 9727035?
True
Is 48336 a multiple of 212?
True
Does 17 divide 12031478?
True
Is 18 a factor of 563814?
True
Is 496746 a multiple of 9?
True
Is 29526 a multiple of 41?
False
Does 77 divide 273296?
False
Does 11 divide 9526?
True
Is 9515113 a multiple of 8?
False
Does 2026 divide 8319615?
False
Does 44 divide 61248?
True
Is 93 a factor of 1813593?
True
Is 8 a factor of 123952?
True
Is 68180 a multiple of 20?
True
Does 45 divide 28412955?
True
Is 4058752 a multiple of 637?
False
Is 41 a factor of 231631?
False
Is 102311 a multiple of 30?
False
Is 213 a factor of 10921105?
False
Is 1441188 a multiple of 258?
True
Does 76 divide 1639776?
True
Does 30 divide 58080?
True
Is 67 a factor of 7001460?
False
Is 1289638 a multiple of 502?
True
Is 30 a factor of 31646?
False
Is 650 a factor of 613600?
True
Does 223 divide 9557318?
False
Is 418988 a multiple of 37?
True
Is 68 a factor of 1436772?
True
Is 7 a factor of 244995?
False
Does 12 divide 689292?
True
Does 9 divide 2043591?
False
Is 88659 a multiple of 6?
False
Does 10 divide 2823056?
False
Does 565 divide 665359?
False
Is 100 a factor of 10296148?
False
Is 354305 a multiple of 114?
False
Is 20943 a multiple of 18?
False
Is 3 a factor of 38179?
False
Does 22 divide 6296576?
True
Is 6 a factor of 98413?
False
Is 639250 a multiple of 25?
True
Does 31 divide 415522?
False
Is 31 a factor of 532477?
False
Is 930521 a multiple of 181?
True
Does 59 divide 16793?
False
Does 9 divide 106530?
False
Does 37 divide 223047?
False
Is 6 a factor of 37163?
False
Is 144 a factor of 62928?
True
Does 117 divide 9659203?
False
Does 25 divide 339622?
False
Does 28 divide 4956?
True
Does 35 divide 52354?
False
Is 8094400 a multiple of 20?
True
Does 258 divide 76242?
False
Is 257566 a multiple of 28?
False
Is 25648 a multiple of 7?
True
Is 497 a factor of 327824?
False
Is 193198 a multiple of 136?
False
Is 1134660 a multiple of 30?
True
Is 585734 a multiple of 55?
False
Is 9 a factor of 133605?
True
Is 5892377 a multiple of 40?
False
Is 254544 a multiple of 180?
False
Does 4 divide 6591880?
True
Does 15 divide 5865?
True
Is 101 a factor of 612452?
False
Is 4568